by 11.
8
Let m be 1/((-2)/(-2)) - -11. Suppose -2*c = -m - 44. What is the remainder when 81 is divided by c?
25
Suppose 0 = -3*o - 0*o + 6. Let p be (o/(-3))/(6/117). What is the remainder when 38 is divided by p/1*(-11)/11?
12
Let k(b) = 2*b**2 - 2 + 3*b - 7 - b**2 + 2. What is the remainder when 61 is divided by k(-7)?
19
What is the remainder when 83 is divided by (-2 - -1)*-21 - 0?
20
Suppose 0 = -c + 4*h - 9, 3*c + h + 1 = -0*h. What is the remainder when (-4)/(12/21)*c is divided by 5?
2
Let l(m) = -9*m - 1. Let s be (16/24)/((-2)/9). Suppose -28 - 8 = -4*z. Calculate the remainder when l(s) is divided by z.
8
Let p be (-33)/(-5) + 2/5. Suppose -p = -k - 1. Calculate the remainder when 6 is divided by k*((-3)/9 + 1).
2
Suppose 110 = 5*p - 135. Calculate the remainder when p is divided by 13.
10
Suppose 4*r - 2*u = 194, -3*r + r = -5*u - 77. What is the remainder when 99 is divided by r?
48
Let j(m) = -m**2 + 6*m + 3. What is the remainder when 130 is divided by j(3)?
10
Let n(g) = g + 8. Suppose 3*q + 9 = -0*t + 4*t, -t = q + 10. What is the remainder when 2 is divided by n(q)?
0
Let j = 4 - 5. Calculate the remainder when ((-3)/3)/(j/11) is divided by 7.
4
Let z(v) = -7*v + 0*v**2 - 2*v**2 - 3 + v**2. Let g be z(-7). Let h = g + 14. What is the remainder when 31 is divided by h?
9
Suppose 31 + 5 = 6*d. What is the remainder when 10 is divided by d?
4
Suppose 75 = -3*f + 6*f. Let b = f - 16. Let j = -51 + 77. What is the remainder when j is divided by b?
8
Suppose 0 = 3*c - c - 4. Suppose t = 5*a - 18, c*a + 6*t = t - 9. Suppose 0*w + s = 4*w - 15, 0 = -w - 5*s + 9. What is the remainder when w is divided by a?
1
Calculate the remainder when ((-77)/4)/(15/(-60)) is divided by 26.
25
Suppose 0 = -3*a + 36 + 51. Let z be -5 - -4 - 1*2. What is the remainder when (z + a/2)*2 is divided by 8?
7
Suppose 7*b - 3*b = 100. Let u = b - 8. Suppose -2*v = -5*z - 0*v + 173, 50 = 2*z + 4*v. What is the remainder when z is divided by u?
16
Let g(z) = z + 14. What is the remainder when 17 is divided by g(-7)?
3
Let f = -6 + 18. What is the remainder when 71 is divided by f?
11
Let y be ((-32)/10)/((-14)/(-105)). Let l(s) = -s**2 - s - 6. Let g be l(5). Let a = y - g. What is the remainder when a is divided by 5?
2
Suppose 4*l - 6 - 6 = 0. Let v be (-2 - (l - 5))*-1. Calculate the remainder when 13 is divided by (1 - v)/(5/40).
5
Calculate the remainder when 126 is divided by ((-3 - 0)/(-3) - -1) + 30.
30
Let w(y) = 2*y**2 - 5*y + 5. What is the remainder when w(6) is divided by 8?
7
Suppose 4*p = 18 + 18. What is the remainder when 17 is divided by p?
8
Let p be (-12)/18 - 4/3. What is the remainder when (-4)/(-8) - 11/p is divided by 4?
2
Suppose -1 = 4*y + 19, -4*q - y = -151. Calculate the remainder when q is divided by 7.
4
Let n = 5 + -4. What is the remainder when 51 is divided by 0 + n + (26 - 1)?
25
Suppose -5*c + 4 + 1 = 0. Calculate the remainder when 32 + -3 - -2 - c is divided by 8.
6
Suppose 4*j - 40 = -j. Suppose j*b = 3*b + 20. Calculate the remainder when 15 is divided by b.
3
Suppose -4*p - 2*h + 44 = 0, 0 = h - 1 - 1. Calculate the remainder when p is divided by 3.
1
Calculate the remainder when 6/((-18)/(-195)) - 4 is divided by 32.
29
Let b be (-136)/(-3) - (-4)/6. Let p = b + -33. Calculate the remainder when 49 is divided by p.
10
Suppose 166*i - 169*i = -39. Calculate the remainder when 47 is divided by i.
8
Suppose -2*d = -d - 9. Let n(l) = -l**2 - 8*l + 6. Let o be n(-7). Let q = o - d. What is the remainder when 6 is divided by q?
2
Suppose 3*k + 3 = -5*b, -b = -0*b - k + 7. Suppose 4*w = 5*u - 89, 4*u - 2*w = 65 + 11. What is the remainder when 10 is divided by (12/(-14))/(b/u)?
4
Let q(l) be the third derivative of -l**6/120 + l**5/12 - l**4/24 + 2*l**2. Let a be q(4). Suppose 3*s + a = 39. What is the remainder when s is divided by 6?
3
Let t(v) = v**2 + 11*v + 40. What is the remainder when 70 is divided by t(-4)?
10
Suppose 3*a = 27*a - 168. Calculate the remainder when 7 is divided by a.
0
Let z(l) = -l + 38. What is the remainder when z(22) is divided by 9?
7
Suppose -9 = -2*l + 2*z + z, 0 = -2*l - 3*z + 3. Let v(x) = x**2 + 2. Let u(j) = j**2 + j + 1. What is the remainder when u(4) is divided by v(l)?
10
Suppose -62 = -2*g + o + 15, o = -5*g + 196. What is the remainder when 77 is divided by g?
38
Let b(u) = 2*u - 2. Let t be b(2). Suppose -32 = t*q - 6*q. What is the remainder when q is divided by 5?
3
Calculate the remainder when (-4)/14 - 3676/(-28) is divided by 27.
23
Let n = 14 - 8. Let o(c) = c**2 + c - 4. Suppose 0 = -6*l + 3*l + 12. What is the remainder when o(l) is divided by n?
4
Suppose -2*l = -3*h - 18, 2*l + 2*l = 5*h + 32. Suppose l = w - 2. Suppose 5*s - 3 = 32. What is the remainder when s is divided by w?
2
Suppose m = -3*m. Suppose -2*j + 63 + 45 = m. Calculate the remainder when j is divided by 14.
12
What is the remainder when (-1 + 90)*(-6)/(-6) is divided by 23?
20
Let m(n) = -n**2 + 8*n - 3. What is the remainder when 46 is divided by m(3)?
10
Let q = -30 + 57. Calculate the remainder when q is divided by 8.
3
Suppose 0 = 5*x - 10 + 30. Let a(d) = d**3 + 4*d**2 - 2*d - 4. Calculate the remainder when a(x) is divided by 3.
1
Suppose 0*i - 5*a - 43 = -4*i, -20 = -4*a. What is the remainder when i is divided by 6?
5
Let c be 32/18 + 4/18. Let r = c - -1. Suppose r*l + j = 43, -3*l - j = l - 56. Calculate the remainder when 50 is divided by l.
11
Suppose 5*u = 3*k - 118, 0 = -k - 5*u + 31 + 15. Calculate the remainder when k is divided by 14.
13
Suppose 5*v + 26 = j, j + 6*v = v + 46. What is the remainder when 68 is divided by j?
32
Let j = -3 - -6. Calculate the remainder when -2 + ((-252)/(-3))/j is divided by 14.
12
Let l = -54 + 75. Let s = l + -13. Calculate the remainder when 3*(-4)/6*-7 is divided by s.
6
Suppose -q + 5*q - 16 = 0. Let g = 6 + 5. What is the remainder when 1296/40 - q/10 is divided by g?
10
Let r(j) = -j + 16. What is the remainder when (-163)/(-7) - 6/21 is divided by r(8)?
7
Calculate the remainder when 97 is divided by (-4)/6 + (-77)/(-3).
22
Suppose -28*n + 23*n = -120. Calculate the remainder when 93 is divided by n.
21
Let a(p) = p**3 - 2*p**2 + 4*p - 5. Calculate the remainder when 59 is divided by a(3).
11
Suppose 0 = p + 4 - 14. Suppose 4*h - 3*h = 6. What is the remainder when h is divided by p*(-2)/(-4) + -1?
2
Suppose -4*f + 10 = -22. Suppose -5*x = -2*q, 2*q + 3*x = 6*x + f. Calculate the remainder when 18 is divided by q.
8
Let c(t) = t**3 + 3*t**2 - 3*t - 2. Let d be c(-3). Suppose n - d = 7. Suppose -6*j - 205 = -11*j. Calculate the remainder when j is divided by n.
13
Let j(w) = -18*w**3 - 3*w**2 - 3*w - 1. Calculate the remainder when j(-1) is divided by 6.
5
Let h = 11 - -14. What is the remainder when 44 is divided by h?
19
Suppose 5*c - 4*c = 52. What is the remainder when c is divided by 23?
6
Suppose -49 = -2*w + 5*b - 0*b, 3*w - 51 = 3*b. What is the remainder when 15 is divided by -3*(2 + (-40)/w)?
3
Calculate the remainder when (-6)/18 + (-80)/(-6) is divided by 9.
4
Suppose -10 = -2*k + 4*a, -2*a - 15 = -0*k - 3*k. Let n be (4/(-5))/((-2)/k). Calculate the remainder when (n/(-4))/((-2)/124) is divided by 11.
9
Let o(p) = 2*p**2 - 5. Let f be 147/4 - 21/28. Let w = -22 + f. Calculate the remainder when o(-4) is divided by w.
13
Let b(m) = m**3 + 9*m**2 - 12*m - 4. What is the remainder when 58 is divided by b(-10)?
10
Let v = 14 - 8. Let j(q) = -4 - 2*q + 2*q - 4*q - 2*q**3 - 5*q**2. Calculate the remainder when j(-3) is divided by v.
5
Suppose -9*p + 132 = -3*p. Calculate the remainder when 61 is divided by p.
17
Let l be (-1)/2 + (-44)/(-8). Suppose -3*o = -c + 2*o + 26, -c - l*o = -76. Let n = c - 30. What is the remainder when n is divided by 11?
10
Let z(v) = v**2 + 10*v - 11. Calculate the remainder when 75 is divided by z(-12).
10
Suppose o - 6*o = 3*v + 93, 0 = -4*o + 3*v - 96. Suppose 4 = -4*j - 0, -5*i + 5*j - 195 = 0. Let k = o - i. Calculate the remainder when k is divided by 10.
9
Suppose -2*y + 264 = -0*b - 2*b, -12 = 4*b. What is the remainder when y is divided by 26?
25
Suppose 5*y + 888 = h + 3*h, -3*h = -6. Let x = -6 + y. Calculate the remainder when 53 is divided by (-1)/5 + x/(-10).
17
Let v(f) = -4*f - 15. What is the r